{"id":18,"date":"2022-01-31T14:15:54","date_gmt":"2022-01-31T13:15:54","guid":{"rendered":"https:\/\/www.luciemacario.fr\/?page_id=18"},"modified":"2025-03-26T11:57:22","modified_gmt":"2025-03-26T10:57:22","slug":"qui-suis-je","status":"publish","type":"page","link":"https:\/\/pierremacario.fr\/index.php\/qui-suis-je\/","title":{"rendered":"Qui suis-je ?"},"content":{"rendered":"\t\t<div data-elementor-type=\"wp-page\" data-elementor-id=\"18\" class=\"elementor elementor-18\">\n\t\t\t\t\t\t<section class=\"elementor-section elementor-top-section elementor-element elementor-element-ca67194 elementor-section-stretched elementor-section-height-min-height elementor-section-boxed elementor-section-height-default elementor-section-items-middle elementor-invisible\" data-id=\"ca67194\" data-element_type=\"section\" data-e-type=\"section\" data-settings=\"{&quot;background_background&quot;:&quot;classic&quot;,&quot;stretch_section&quot;:&quot;section-stretched&quot;,&quot;shape_divider_bottom&quot;:&quot;mountains&quot;,&quot;animation&quot;:&quot;fadeIn&quot;}\">\n\t\t\t\t\t\t\t<div class=\"elementor-background-overlay\"><\/div>\n\t\t\t\t\t\t<div class=\"elementor-shape elementor-shape-bottom\" aria-hidden=\"true\" data-negative=\"false\">\n\t\t\t<svg xmlns=\"http:\/\/www.w3.org\/2000\/svg\" viewBox=\"0 0 1000 100\" preserveAspectRatio=\"none\">\n\t<path class=\"elementor-shape-fill\" opacity=\"0.33\" d=\"M473,67.3c-203.9,88.3-263.1-34-320.3,0C66,119.1,0,59.7,0,59.7V0h1000v59.7 c0,0-62.1,26.1-94.9,29.3c-32.8,3.3-62.8-12.3-75.8-22.1C806,49.6,745.3,8.7,694.9,4.7S492.4,59,473,67.3z\"\/>\n\t<path class=\"elementor-shape-fill\" opacity=\"0.66\" d=\"M734,67.3c-45.5,0-77.2-23.2-129.1-39.1c-28.6-8.7-150.3-10.1-254,39.1 s-91.7-34.4-149.2,0C115.7,118.3,0,39.8,0,39.8V0h1000v36.5c0,0-28.2-18.5-92.1-18.5C810.2,18.1,775.7,67.3,734,67.3z\"\/>\n\t<path class=\"elementor-shape-fill\" d=\"M766.1,28.9c-200-57.5-266,65.5-395.1,19.5C242,1.8,242,5.4,184.8,20.6C128,35.8,132.3,44.9,89.9,52.5C28.6,63.7,0,0,0,0 h1000c0,0-9.9,40.9-83.6,48.1S829.6,47,766.1,28.9z\"\/>\n<\/svg>\t\t<\/div>\n\t\t\t\t\t<div class=\"elementor-container elementor-column-gap-default\">\n\t\t\t\t\t<div class=\"elementor-column elementor-col-100 elementor-top-column elementor-element elementor-element-72697e1\" data-id=\"72697e1\" data-element_type=\"column\" data-e-type=\"column\" data-settings=\"{&quot;background_background&quot;:&quot;classic&quot;}\">\n\t\t\t<div class=\"elementor-widget-wrap elementor-element-populated\">\n\t\t\t\t\t\t<div class=\"elementor-element elementor-element-4fa624d elementor-widget elementor-widget-image\" data-id=\"4fa624d\" data-element_type=\"widget\" data-e-type=\"widget\" data-widget_type=\"image.default\">\n\t\t\t\t<div class=\"elementor-widget-container\">\n\t\t\t\t\t\t\t\t\t\t\t\t\t\t\t<img fetchpriority=\"high\" decoding=\"async\" width=\"935\" height=\"1024\" src=\"https:\/\/pierremacario.fr\/wp-content\/uploads\/2025\/02\/final-2-couleur-desature-crope-2-935x1024.png\" class=\"attachment-large size-large wp-image-7452\" alt=\"\" srcset=\"https:\/\/pierremacario.fr\/wp-content\/uploads\/2025\/02\/final-2-couleur-desature-crope-2-935x1024.png 935w, https:\/\/pierremacario.fr\/wp-content\/uploads\/2025\/02\/final-2-couleur-desature-crope-2-274x300.png 274w, https:\/\/pierremacario.fr\/wp-content\/uploads\/2025\/02\/final-2-couleur-desature-crope-2-768x841.png 768w, https:\/\/pierremacario.fr\/wp-content\/uploads\/2025\/02\/final-2-couleur-desature-crope-2-1403x1536.png 1403w, https:\/\/pierremacario.fr\/wp-content\/uploads\/2025\/02\/final-2-couleur-desature-crope-2.png 1688w\" sizes=\"(max-width: 935px) 100vw, 935px\" \/>\t\t\t\t\t\t\t\t\t\t\t\t\t\t\t<\/div>\n\t\t\t\t<\/div>\n\t\t\t\t<div class=\"elementor-element elementor-element-2400f2b animated-slow elementor-invisible elementor-widget elementor-widget-heading\" data-id=\"2400f2b\" data-element_type=\"widget\" data-e-type=\"widget\" data-settings=\"{&quot;_animation&quot;:&quot;fadeIn&quot;}\" data-widget_type=\"heading.default\">\n\t\t\t\t<div class=\"elementor-widget-container\">\n\t\t\t\t\t<h2 class=\"elementor-heading-title elementor-size-default\">Qui suis-je ?<\/h2>\t\t\t\t<\/div>\n\t\t\t\t<\/div>\n\t\t\t\t\t<\/div>\n\t\t<\/div>\n\t\t\t\t\t<\/div>\n\t\t<\/section>\n\t\t\t\t<section class=\"elementor-section elementor-top-section elementor-element elementor-element-c4e22c5 elementor-section-stretched elementor-insivible elementor-section-boxed elementor-section-height-default elementor-section-height-default elementor-invisible\" data-id=\"c4e22c5\" data-element_type=\"section\" data-e-type=\"section\" data-settings=\"{&quot;stretch_section&quot;:&quot;section-stretched&quot;,&quot;animation&quot;:&quot;fadeIn&quot;,&quot;animation_mobile&quot;:&quot;zoomIn&quot;}\">\n\t\t\t\t\t\t<div class=\"elementor-container elementor-column-gap-default\">\n\t\t\t\t\t<div class=\"elementor-column elementor-col-100 elementor-top-column elementor-element elementor-element-f0c553a\" data-id=\"f0c553a\" data-element_type=\"column\" data-e-type=\"column\">\n\t\t\t<div class=\"elementor-widget-wrap elementor-element-populated\">\n\t\t\t\t\t\t<div class=\"elementor-element elementor-element-2b06de1 elementor-widget elementor-widget-heading\" data-id=\"2b06de1\" data-element_type=\"widget\" data-e-type=\"widget\" data-widget_type=\"heading.default\">\n\t\t\t\t<div class=\"elementor-widget-container\">\n\t\t\t\t\t<h2 class=\"elementor-heading-title elementor-size-default\">Je suis Pierre Macario, psychologue dipl\u00f4m\u00e9 d'\u00e9tat et je vous accueille au 5b rue, pr\u00e8s du pont des Demoiselles, \u00e0 Toulouse<\/h2>\t\t\t\t<\/div>\n\t\t\t\t<\/div>\n\t\t\t\t<div class=\"elementor-element elementor-element-51dbcd4 elementor-widget elementor-widget-heading\" data-id=\"51dbcd4\" data-element_type=\"widget\" data-e-type=\"widget\" data-widget_type=\"heading.default\">\n\t\t\t\t<div class=\"elementor-widget-container\">\n\t\t\t\t\t<h2 class=\"elementor-heading-title elementor-size-default\">Apr\u00e8s quinze ans d'errance entre\ndiff\u00e9rents m\u00e9tiers qui n'\u00e9taient pas en phase avec mes aspirations\nprofondes, j'ai d\u00e9cid\u00e9 de revenir \u00e0 ce qui a du sens pour moi : la\nvie psychique dans sa beaut\u00e9 et sa complexit\u00e9. J'ai donc entrepris\nun parcours en psychologie clinique \u00e0 l'Universit\u00e9 Paris 8, ce qui\nme permet de proposer aujourd'hui mon aide en tant que\npsychoth\u00e9rapeute.<p><\/p><p style=\"margin-bottom: 0cm\">Comprendre comment vivre une vie\nrelationnelle et \u00e9motionnelle \u00e9panouie est un apprentissage\nquotidien que j'affine au fil du temps, de mes recherches et de mes\nexp\u00e9riences aupr\u00e8s des autres. Je n'affirme pas d\u00e9tenir LA v\u00e9rit\u00e9\nqui viendra r\u00e9soudre vos difficult\u00e9s ou r\u00e9gir votre vie, mais\nplut\u00f4t un \u00e9ventail d'ouvertures th\u00e9oriques en psychologie\npermettant de construire une <a href=\"https:\/\/pierremacario.fr\/index.php\/focus-objectif\/\"><u>approche th\u00e9rapeutique\npersonnalis\u00e9e.<\/u><\/a>\n<\/p><p style=\"margin-bottom: 0cm\"><br>\n<\/p><p style=\"margin-bottom: 0cm\">La psychoth\u00e9rapie est une aventure \u00e0\ndeux, dans laquelle le th\u00e9rapeute et la\u00b7le client\u00b7e s'influencent\nmutuellement dans leur connaissance de soi, explorant aussi bien leur\npart lumineuse que leur part d'ombre. Une sinc\u00e9rit\u00e9 relationnelle\nqui cr\u00e9e un espace s\u00e9curisant <a href=\"https:\/\/pierremacario.fr\/index.php\/principes-de-travail\/\"><u>o\u00f9 l'on peut se livrer sans\ncrainte d'\u00eatre jug\u00e9\u00b7e.<\/u><\/a><\/p><\/h2>\t\t\t\t<\/div>\n\t\t\t\t<\/div>\n\t\t\t\t<div class=\"elementor-element elementor-element-873ddf0 elementor-widget-divider--view-line elementor-widget elementor-widget-divider\" data-id=\"873ddf0\" data-element_type=\"widget\" data-e-type=\"widget\" data-widget_type=\"divider.default\">\n\t\t\t\t<div class=\"elementor-widget-container\">\n\t\t\t\t\t\t\t<div class=\"elementor-divider\">\n\t\t\t<span class=\"elementor-divider-separator\">\n\t\t\t\t\t\t<\/span>\n\t\t<\/div>\n\t\t\t\t\t\t<\/div>\n\t\t\t\t<\/div>\n\t\t\t\t<div class=\"elementor-element elementor-element-9df3e37 elementor-widget elementor-widget-heading\" data-id=\"9df3e37\" data-element_type=\"widget\" data-e-type=\"widget\" data-widget_type=\"heading.default\">\n\t\t\t\t<div class=\"elementor-widget-container\">\n\t\t\t\t\t<h2 class=\"elementor-heading-title elementor-size-default\">Des exp\u00e9riences cl\u00e9s pour ma pratique<\/h2>\t\t\t\t<\/div>\n\t\t\t\t<\/div>\n\t\t\t\t<div class=\"elementor-element elementor-element-1f8094d elementor-invisible elementor-widget elementor-widget-heading\" data-id=\"1f8094d\" data-element_type=\"widget\" data-e-type=\"widget\" data-settings=\"{&quot;_animation&quot;:&quot;fadeIn&quot;}\" data-widget_type=\"heading.default\">\n\t\t\t\t<div class=\"elementor-widget-container\">\n\t\t\t\t\t<h2 class=\"elementor-heading-title elementor-size-default\"><p style=\"margin-bottom: 0cm\">Les domaines de recherche et\nd'application durant mes \u00e9tudes et mes stages portaient sur\nl'efficacit\u00e9 de l'hypnose dans l'\u00e9volution des maladies chroniques\n(en particulier la douleur), ainsi que l'impact des th\u00e9rapies\nnarratives sur la renaissance de l'espoir et du pouvoir d'agir chez\ndes adolescent.e.s ayant re\u00e7u un diagnostic de trouble\npsychopathologique.<br><br>Mes exp\u00e9riences en milieu hospitalier et\nen centre de soin de suite et de r\u00e9adaptation (SSR) m'ont permis\nd'appr\u00e9hender diverses probl\u00e9matiques telles que le handicap, les\nmaladies chroniques, la maladie grave, la fin de vie et le\ndeuil&nbsp;; et d'accueillir les probl\u00e9matiques qu'elles impliquent,\ntelles que la d\u00e9pression, le psychotraumatisme, les changements\nidentitaires et relationnels, les \u00e9tats de stress et de d\u00e9bordement\n\u00e9motionnel.<\/p><p style=\"margin-bottom: 0cm\"><br>Par ailleurs, j'ai travaill\u00e9 dans\nune association accompagnant les victimes de  violences familiales,\nce qui m'a permis de mieux comprendre les dynamiques conflictuelles\nau sein du couple, les enjeux de violence, de contr\u00f4le et de\nd\u00e9pendance, ainsi que les enjeux familiaux et relationnels complexes,\nnotamment dans les relations parent-enfant difficiles. Des\nprobl\u00e9matiques qui peuvent constituer des <a href=\"https:\/\/pierremacario.fr\/index.php\/pourquoi-consulter\/\"><u>motifs de consultation\nparmi d'autres.<\/u><\/a><\/p><\/h2>\t\t\t\t<\/div>\n\t\t\t\t<\/div>\n\t\t\t\t\t<\/div>\n\t\t<\/div>\n\t\t\t\t\t<\/div>\n\t\t<\/section>\n\t\t\t\t<\/div>\n\t\t","protected":false},"excerpt":{"rendered":"<p>Qui suis-je ? Je suis Pierre Macario, psychologue dipl\u00f4m\u00e9 d&rsquo;\u00e9tat et je vous accueille au 5b rue, pr\u00e8s du pont [&hellip;]<\/p>\n","protected":false},"author":1,"featured_media":0,"parent":0,"menu_order":0,"comment_status":"closed","ping_status":"closed","template":"elementor_header_footer","meta":{"site-sidebar-layout":"default","site-content-layout":"","ast-site-content-layout":"default","site-content-style":"default","site-sidebar-style":"default","ast-global-header-display":"","ast-banner-title-visibility":"","ast-main-header-display":"","ast-hfb-above-header-display":"","ast-hfb-below-header-display":"","ast-hfb-mobile-header-display":"","site-post-title":"","ast-breadcrumbs-content":"","ast-featured-img":"","footer-sml-layout":"","ast-disable-related-posts":"","theme-transparent-header-meta":"","adv-header-id-meta":"","stick-header-meta":"","header-above-stick-meta":"","header-main-stick-meta":"","header-below-stick-meta":"","astra-migrate-meta-layouts":"default","ast-page-background-enabled":"default","ast-page-background-meta":{"desktop":{"background-color":"var(--ast-global-color-4)","background-image":"","background-repeat":"repeat","background-position":"center center","background-size":"auto","background-attachment":"scroll","background-type":"","background-media":"","overlay-type":"","overlay-color":"","overlay-opacity":"","overlay-gradient":""},"tablet":{"background-color":"","background-image":"","background-repeat":"repeat","background-position":"center center","background-size":"auto","background-attachment":"scroll","background-type":"","background-media":"","overlay-type":"","overlay-color":"","overlay-opacity":"","overlay-gradient":""},"mobile":{"background-color":"","background-image":"","background-repeat":"repeat","background-position":"center center","background-size":"auto","background-attachment":"scroll","background-type":"","background-media":"","overlay-type":"","overlay-color":"","overlay-opacity":"","overlay-gradient":""}},"ast-content-background-meta":{"desktop":{"background-color":"var(--ast-global-color-5)","background-image":"","background-repeat":"repeat","background-position":"center center","background-size":"auto","background-attachment":"scroll","background-type":"","background-media":"","overlay-type":"","overlay-color":"","overlay-opacity":"","overlay-gradient":""},"tablet":{"background-color":"var(--ast-global-color-5)","background-image":"","background-repeat":"repeat","background-position":"center center","background-size":"auto","background-attachment":"scroll","background-type":"","background-media":"","overlay-type":"","overlay-color":"","overlay-opacity":"","overlay-gradient":""},"mobile":{"background-color":"var(--ast-global-color-5)","background-image":"","background-repeat":"repeat","background-position":"center center","background-size":"auto","background-attachment":"scroll","background-type":"","background-media":"","overlay-type":"","overlay-color":"","overlay-opacity":"","overlay-gradient":""}},"footnotes":""},"class_list":["post-18","page","type-page","status-publish","hentry"],"yoast_head":"<!-- This site is optimized with the Yoast SEO plugin v24.6 - https:\/\/yoast.com\/wordpress\/plugins\/seo\/ -->\n<title>Qui suis-je ? - Psychologue Toulouse Carmes<\/title>\n<meta name=\"description\" content=\"Je vous propose un \u00e9ventail d&#039;ouvertures th\u00e9oriques en psychologie permettant de construire une approche th\u00e9rapeutique personnalis\u00e9e.\" \/>\n<meta name=\"robots\" content=\"index, follow, max-snippet:-1, max-image-preview:large, max-video-preview:-1\" \/>\n<link rel=\"canonical\" href=\"https:\/\/pierremacario.fr\/index.php\/qui-suis-je\/\" \/>\n<meta property=\"og:locale\" content=\"fr_FR\" \/>\n<meta property=\"og:type\" content=\"article\" \/>\n<meta property=\"og:title\" content=\"Qui suis-je ? - Psychologue Toulouse Carmes\" \/>\n<meta property=\"og:description\" content=\"Je vous propose un \u00e9ventail d&#039;ouvertures th\u00e9oriques en psychologie permettant de construire une approche th\u00e9rapeutique personnalis\u00e9e.\" \/>\n<meta property=\"og:url\" content=\"https:\/\/pierremacario.fr\/index.php\/qui-suis-je\/\" \/>\n<meta property=\"og:site_name\" content=\"Psychologue Toulouse Carmes\" \/>\n<meta property=\"article:modified_time\" content=\"2025-03-26T10:57:22+00:00\" \/>\n<meta property=\"og:image\" content=\"https:\/\/pierremacario.fr\/wp-content\/uploads\/2025\/02\/final-2-couleur-desature-crope-2-935x1024.png\" \/>\n<meta name=\"twitter:card\" content=\"summary_large_image\" \/>\n<meta name=\"twitter:label1\" content=\"Dur\u00e9e de lecture estim\u00e9e\" \/>\n\t<meta name=\"twitter:data1\" content=\"3 minutes\" \/>\n<script type=\"application\/ld+json\" class=\"yoast-schema-graph\">{\"@context\":\"https:\/\/schema.org\",\"@graph\":[{\"@type\":\"WebPage\",\"@id\":\"https:\/\/pierremacario.fr\/index.php\/qui-suis-je\/\",\"url\":\"https:\/\/pierremacario.fr\/index.php\/qui-suis-je\/\",\"name\":\"Qui suis-je ? - Psychologue Toulouse Carmes\",\"isPartOf\":{\"@id\":\"https:\/\/pierremacario.fr\/#website\"},\"primaryImageOfPage\":{\"@id\":\"https:\/\/pierremacario.fr\/index.php\/qui-suis-je\/#primaryimage\"},\"image\":{\"@id\":\"https:\/\/pierremacario.fr\/index.php\/qui-suis-je\/#primaryimage\"},\"thumbnailUrl\":\"https:\/\/pierremacario.fr\/wp-content\/uploads\/2025\/02\/final-2-couleur-desature-crope-2-935x1024.png\",\"datePublished\":\"2022-01-31T13:15:54+00:00\",\"dateModified\":\"2025-03-26T10:57:22+00:00\",\"description\":\"Je vous propose un \u00e9ventail d'ouvertures th\u00e9oriques en psychologie permettant de construire une approche th\u00e9rapeutique personnalis\u00e9e.\",\"breadcrumb\":{\"@id\":\"https:\/\/pierremacario.fr\/index.php\/qui-suis-je\/#breadcrumb\"},\"inLanguage\":\"fr-FR\",\"potentialAction\":[{\"@type\":\"ReadAction\",\"target\":[\"https:\/\/pierremacario.fr\/index.php\/qui-suis-je\/\"]}]},{\"@type\":\"ImageObject\",\"inLanguage\":\"fr-FR\",\"@id\":\"https:\/\/pierremacario.fr\/index.php\/qui-suis-je\/#primaryimage\",\"url\":\"https:\/\/pierremacario.fr\/wp-content\/uploads\/2025\/02\/final-2-couleur-desature-crope-2.png\",\"contentUrl\":\"https:\/\/pierremacario.fr\/wp-content\/uploads\/2025\/02\/final-2-couleur-desature-crope-2.png\",\"width\":1688,\"height\":1848},{\"@type\":\"BreadcrumbList\",\"@id\":\"https:\/\/pierremacario.fr\/index.php\/qui-suis-je\/#breadcrumb\",\"itemListElement\":[{\"@type\":\"ListItem\",\"position\":1,\"name\":\"Accueil\",\"item\":\"https:\/\/pierremacario.fr\/\"},{\"@type\":\"ListItem\",\"position\":2,\"name\":\"Qui suis-je ?\"}]},{\"@type\":\"WebSite\",\"@id\":\"https:\/\/pierremacario.fr\/#website\",\"url\":\"https:\/\/pierremacario.fr\/\",\"name\":\"Pierre Macario - Psychologue Toulouse Carmes -\",\"description\":\"Psychoth\u00e9rapie int\u00e9grative adultes \u00e0 Toulouse &amp; en visio\",\"potentialAction\":[{\"@type\":\"SearchAction\",\"target\":{\"@type\":\"EntryPoint\",\"urlTemplate\":\"https:\/\/pierremacario.fr\/?s={search_term_string}\"},\"query-input\":{\"@type\":\"PropertyValueSpecification\",\"valueRequired\":true,\"valueName\":\"search_term_string\"}}],\"inLanguage\":\"fr-FR\"}]}<\/script>\n<!-- \/ Yoast SEO plugin. -->","yoast_head_json":{"title":"Qui suis-je ? - Psychologue Toulouse Carmes","description":"Je vous propose un \u00e9ventail d'ouvertures th\u00e9oriques en psychologie permettant de construire une approche th\u00e9rapeutique personnalis\u00e9e.","robots":{"index":"index","follow":"follow","max-snippet":"max-snippet:-1","max-image-preview":"max-image-preview:large","max-video-preview":"max-video-preview:-1"},"canonical":"https:\/\/pierremacario.fr\/index.php\/qui-suis-je\/","og_locale":"fr_FR","og_type":"article","og_title":"Qui suis-je ? - Psychologue Toulouse Carmes","og_description":"Je vous propose un \u00e9ventail d'ouvertures th\u00e9oriques en psychologie permettant de construire une approche th\u00e9rapeutique personnalis\u00e9e.","og_url":"https:\/\/pierremacario.fr\/index.php\/qui-suis-je\/","og_site_name":"Psychologue Toulouse Carmes","article_modified_time":"2025-03-26T10:57:22+00:00","og_image":[{"url":"https:\/\/pierremacario.fr\/wp-content\/uploads\/2025\/02\/final-2-couleur-desature-crope-2-935x1024.png","type":"","width":"","height":""}],"twitter_card":"summary_large_image","twitter_misc":{"Dur\u00e9e de lecture estim\u00e9e":"3 minutes"},"schema":{"@context":"https:\/\/schema.org","@graph":[{"@type":"WebPage","@id":"https:\/\/pierremacario.fr\/index.php\/qui-suis-je\/","url":"https:\/\/pierremacario.fr\/index.php\/qui-suis-je\/","name":"Qui suis-je ? - Psychologue Toulouse Carmes","isPartOf":{"@id":"https:\/\/pierremacario.fr\/#website"},"primaryImageOfPage":{"@id":"https:\/\/pierremacario.fr\/index.php\/qui-suis-je\/#primaryimage"},"image":{"@id":"https:\/\/pierremacario.fr\/index.php\/qui-suis-je\/#primaryimage"},"thumbnailUrl":"https:\/\/pierremacario.fr\/wp-content\/uploads\/2025\/02\/final-2-couleur-desature-crope-2-935x1024.png","datePublished":"2022-01-31T13:15:54+00:00","dateModified":"2025-03-26T10:57:22+00:00","description":"Je vous propose un \u00e9ventail d'ouvertures th\u00e9oriques en psychologie permettant de construire une approche th\u00e9rapeutique personnalis\u00e9e.","breadcrumb":{"@id":"https:\/\/pierremacario.fr\/index.php\/qui-suis-je\/#breadcrumb"},"inLanguage":"fr-FR","potentialAction":[{"@type":"ReadAction","target":["https:\/\/pierremacario.fr\/index.php\/qui-suis-je\/"]}]},{"@type":"ImageObject","inLanguage":"fr-FR","@id":"https:\/\/pierremacario.fr\/index.php\/qui-suis-je\/#primaryimage","url":"https:\/\/pierremacario.fr\/wp-content\/uploads\/2025\/02\/final-2-couleur-desature-crope-2.png","contentUrl":"https:\/\/pierremacario.fr\/wp-content\/uploads\/2025\/02\/final-2-couleur-desature-crope-2.png","width":1688,"height":1848},{"@type":"BreadcrumbList","@id":"https:\/\/pierremacario.fr\/index.php\/qui-suis-je\/#breadcrumb","itemListElement":[{"@type":"ListItem","position":1,"name":"Accueil","item":"https:\/\/pierremacario.fr\/"},{"@type":"ListItem","position":2,"name":"Qui suis-je ?"}]},{"@type":"WebSite","@id":"https:\/\/pierremacario.fr\/#website","url":"https:\/\/pierremacario.fr\/","name":"Pierre Macario - Psychologue Toulouse Carmes -","description":"Psychoth\u00e9rapie int\u00e9grative adultes \u00e0 Toulouse &amp; en visio","potentialAction":[{"@type":"SearchAction","target":{"@type":"EntryPoint","urlTemplate":"https:\/\/pierremacario.fr\/?s={search_term_string}"},"query-input":{"@type":"PropertyValueSpecification","valueRequired":true,"valueName":"search_term_string"}}],"inLanguage":"fr-FR"}]}},"_links":{"self":[{"href":"https:\/\/pierremacario.fr\/index.php\/wp-json\/wp\/v2\/pages\/18","targetHints":{"allow":["GET"]}}],"collection":[{"href":"https:\/\/pierremacario.fr\/index.php\/wp-json\/wp\/v2\/pages"}],"about":[{"href":"https:\/\/pierremacario.fr\/index.php\/wp-json\/wp\/v2\/types\/page"}],"author":[{"embeddable":true,"href":"https:\/\/pierremacario.fr\/index.php\/wp-json\/wp\/v2\/users\/1"}],"replies":[{"embeddable":true,"href":"https:\/\/pierremacario.fr\/index.php\/wp-json\/wp\/v2\/comments?post=18"}],"version-history":[{"count":111,"href":"https:\/\/pierremacario.fr\/index.php\/wp-json\/wp\/v2\/pages\/18\/revisions"}],"predecessor-version":[{"id":7491,"href":"https:\/\/pierremacario.fr\/index.php\/wp-json\/wp\/v2\/pages\/18\/revisions\/7491"}],"wp:attachment":[{"href":"https:\/\/pierremacario.fr\/index.php\/wp-json\/wp\/v2\/media?parent=18"}],"curies":[{"name":"wp","href":"https:\/\/api.w.org\/{rel}","templated":true}]}}