{"id":37,"date":"2022-01-31T14:31:07","date_gmt":"2022-01-31T13:31:07","guid":{"rendered":"https:\/\/www.luciemacario.fr\/?page_id=37"},"modified":"2025-03-26T11:41:17","modified_gmt":"2025-03-26T10:41:17","slug":"approche-therapeutique","status":"publish","type":"page","link":"https:\/\/pierremacario.fr\/index.php\/approche-therapeutique\/","title":{"rendered":"Approche th\u00e9rapeutique"},"content":{"rendered":"\t\t<div data-elementor-type=\"wp-page\" data-elementor-id=\"37\" class=\"elementor elementor-37\">\n\t\t\t\t\t\t<section class=\"elementor-section elementor-top-section elementor-element elementor-element-80af495 elementor-section-stretched elementor-section-height-min-height elementor-section-boxed elementor-section-height-default elementor-section-items-middle\" data-id=\"80af495\" data-element_type=\"section\" data-e-type=\"section\" id=\"therapie\" data-settings=\"{&quot;stretch_section&quot;:&quot;section-stretched&quot;,&quot;background_background&quot;:&quot;classic&quot;,&quot;shape_divider_bottom&quot;:&quot;mountains&quot;}\">\n\t\t\t\t\t\t\t<div class=\"elementor-background-overlay\"><\/div>\n\t\t\t\t\t\t<div class=\"elementor-shape elementor-shape-bottom\" aria-hidden=\"true\" data-negative=\"false\">\n\t\t\t<svg xmlns=\"http:\/\/www.w3.org\/2000\/svg\" viewBox=\"0 0 1000 100\" preserveAspectRatio=\"none\">\n\t<path class=\"elementor-shape-fill\" opacity=\"0.33\" d=\"M473,67.3c-203.9,88.3-263.1-34-320.3,0C66,119.1,0,59.7,0,59.7V0h1000v59.7 c0,0-62.1,26.1-94.9,29.3c-32.8,3.3-62.8-12.3-75.8-22.1C806,49.6,745.3,8.7,694.9,4.7S492.4,59,473,67.3z\"\/>\n\t<path class=\"elementor-shape-fill\" opacity=\"0.66\" d=\"M734,67.3c-45.5,0-77.2-23.2-129.1-39.1c-28.6-8.7-150.3-10.1-254,39.1 s-91.7-34.4-149.2,0C115.7,118.3,0,39.8,0,39.8V0h1000v36.5c0,0-28.2-18.5-92.1-18.5C810.2,18.1,775.7,67.3,734,67.3z\"\/>\n\t<path class=\"elementor-shape-fill\" d=\"M766.1,28.9c-200-57.5-266,65.5-395.1,19.5C242,1.8,242,5.4,184.8,20.6C128,35.8,132.3,44.9,89.9,52.5C28.6,63.7,0,0,0,0 h1000c0,0-9.9,40.9-83.6,48.1S829.6,47,766.1,28.9z\"\/>\n<\/svg>\t\t<\/div>\n\t\t\t\t\t<div class=\"elementor-container elementor-column-gap-default\">\n\t\t\t\t\t<div class=\"elementor-column elementor-col-100 elementor-top-column elementor-element elementor-element-34b4355f\" data-id=\"34b4355f\" data-element_type=\"column\" data-e-type=\"column\" data-settings=\"{&quot;background_background&quot;:&quot;classic&quot;}\">\n\t\t\t<div class=\"elementor-widget-wrap elementor-element-populated\">\n\t\t\t\t\t\t<div class=\"elementor-element elementor-element-57aa11c elementor-hidden-desktop elementor-hidden-tablet elementor-widget elementor-widget-spacer\" data-id=\"57aa11c\" data-element_type=\"widget\" data-e-type=\"widget\" data-widget_type=\"spacer.default\">\n\t\t\t\t<div class=\"elementor-widget-container\">\n\t\t\t\t\t\t\t<div class=\"elementor-spacer\">\n\t\t\t<div class=\"elementor-spacer-inner\"><\/div>\n\t\t<\/div>\n\t\t\t\t\t\t<\/div>\n\t\t\t\t<\/div>\n\t\t\t\t<div class=\"elementor-element elementor-element-29c78e9e animated-slow elementor-widget-mobile__width-initial elementor-invisible elementor-widget elementor-widget-heading\" data-id=\"29c78e9e\" data-element_type=\"widget\" data-e-type=\"widget\" data-settings=\"{&quot;_animation&quot;:&quot;fadeIn&quot;}\" data-widget_type=\"heading.default\">\n\t\t\t\t<div class=\"elementor-widget-container\">\n\t\t\t\t\t<h2 class=\"elementor-heading-title elementor-size-default\">Approche<br> th\u00e9rapeutique<\/h2>\t\t\t\t<\/div>\n\t\t\t\t<\/div>\n\t\t\t\t\t<\/div>\n\t\t<\/div>\n\t\t\t\t\t<\/div>\n\t\t<\/section>\n\t\t\t\t<section class=\"elementor-section elementor-top-section elementor-element elementor-element-dc22536 elementor-section-stretched elementor-insivible elementor-section-boxed elementor-section-height-default elementor-section-height-default elementor-invisible\" data-id=\"dc22536\" data-element_type=\"section\" data-e-type=\"section\" data-settings=\"{&quot;stretch_section&quot;:&quot;section-stretched&quot;,&quot;background_background&quot;:&quot;classic&quot;,&quot;animation&quot;:&quot;fadeIn&quot;,&quot;animation_mobile&quot;:&quot;zoomIn&quot;}\">\n\t\t\t\t\t\t<div class=\"elementor-container elementor-column-gap-default\">\n\t\t\t\t\t<div class=\"elementor-column elementor-col-100 elementor-top-column elementor-element elementor-element-acb16e6\" data-id=\"acb16e6\" data-element_type=\"column\" data-e-type=\"column\" data-settings=\"{&quot;animation_mobile&quot;:&quot;fadeIn&quot;}\">\n\t\t\t<div class=\"elementor-widget-wrap elementor-element-populated\">\n\t\t\t\t\t\t<div class=\"elementor-element elementor-element-0bc8164 animated-slow elementor-invisible elementor-widget elementor-widget-heading\" data-id=\"0bc8164\" data-element_type=\"widget\" data-e-type=\"widget\" data-settings=\"{&quot;_animation&quot;:&quot;fadeIn&quot;}\" data-widget_type=\"heading.default\">\n\t\t\t\t<div class=\"elementor-widget-container\">\n\t\t\t\t\t<h2 class=\"elementor-heading-title elementor-size-default\"><p>J'ai \u00e0 c\u0153ur de vous offrir un espace s\u00e9curisant o\u00f9 vous pourrez \u00eatre pleinement vous-m\u00eame, vous exprimer librement sans craindre d'\u00eatre jug\u00e9.e. C\u2019est avec bienveillance et authenticit\u00e9 que je vous assisterai sur le chemin de la d\u00e9couverte de soi, en vous soutenant dans votre \u00e9volution personnelle.<\/p><p>Ma vision de la th\u00e9rapie est <a href=\"https:\/\/pierremacario.fr\/index.php\/focus-objectif\/\"><u>int\u00e9grative<\/u><\/a>. Je puise donc dans diff\u00e9rents courants de la psychologie pour vous accompagner. Mon orientation th\u00e9rapeutique s'inspire des approches humanistes et existentielles, psychodynamiques &amp; psychocorporelles.<\/p><p>Je crois en une psychoth\u00e9rapie qui prenne en compte l\u2019int\u00e9gralit\u00e9 de la personne. Nous analyserons si vos <b>besoins fondamentaux<\/b> sont combl\u00e9s (relationnels, de s\u00e9curit\u00e9, d\u2019appartenance\u2026), tout en explorant vos <b>conflits conscients et inconscients<\/b>\n (\u00e0 votre rythme, bien-s\u00fbr). Nous travaillerons \u00e0 la compr\u00e9hension de vos pens\u00e9es, de vos \u00e9motions et des comportements qui en d\u00e9coulent.<\/p><div class=\"elementor-widget-container\"><div class=\"elementor-text-editor elementor-clearfix elementor-inline-editing\" data-elementor-setting-key=\"editor\" data-elementor-inline-editing-toolbar=\"advanced\">\n<p>Quels que soient les sch\u00e9mas et les difficult\u00e9s que vous avez rencontr\u00e9es, je crois fermement en la capacit\u00e9 de chaque personne \u00e0 trouver l\u2019\u00e9lan vital n\u00e9cessaire pour impulser le changement.<b> Mon orientation humaniste repose sur cette confiance profonde en votre potentiel de croissance et de r\u00e9silience.<\/b><\/p><\/div><\/div><\/h2>\t\t\t\t<\/div>\n\t\t\t\t<\/div>\n\t\t\t\t<div class=\"elementor-element elementor-element-e277852 elementor-widget elementor-widget-heading\" data-id=\"e277852\" data-element_type=\"widget\" data-e-type=\"widget\" data-widget_type=\"heading.default\">\n\t\t\t\t<div class=\"elementor-widget-container\">\n\t\t\t\t\t<h2 class=\"elementor-heading-title elementor-size-default\">Pour en savoir plus : <\/h2>\t\t\t\t<\/div>\n\t\t\t\t<\/div>\n\t\t\t\t\t<\/div>\n\t\t<\/div>\n\t\t\t\t\t<\/div>\n\t\t<\/section>\n\t\t\t\t<section class=\"elementor-section elementor-top-section elementor-element elementor-element-4549714 elementor-section-stretched elementor-section-height-min-height elementor-section-boxed elementor-section-height-default elementor-section-items-middle\" data-id=\"4549714\" data-element_type=\"section\" data-e-type=\"section\" data-settings=\"{&quot;stretch_section&quot;:&quot;section-stretched&quot;,&quot;shape_divider_bottom&quot;:&quot;mountains&quot;}\">\n\t\t\t\t\t<div class=\"elementor-shape elementor-shape-bottom\" aria-hidden=\"true\" data-negative=\"false\">\n\t\t\t<svg xmlns=\"http:\/\/www.w3.org\/2000\/svg\" viewBox=\"0 0 1000 100\" preserveAspectRatio=\"none\">\n\t<path class=\"elementor-shape-fill\" opacity=\"0.33\" d=\"M473,67.3c-203.9,88.3-263.1-34-320.3,0C66,119.1,0,59.7,0,59.7V0h1000v59.7 c0,0-62.1,26.1-94.9,29.3c-32.8,3.3-62.8-12.3-75.8-22.1C806,49.6,745.3,8.7,694.9,4.7S492.4,59,473,67.3z\"\/>\n\t<path class=\"elementor-shape-fill\" opacity=\"0.66\" d=\"M734,67.3c-45.5,0-77.2-23.2-129.1-39.1c-28.6-8.7-150.3-10.1-254,39.1 s-91.7-34.4-149.2,0C115.7,118.3,0,39.8,0,39.8V0h1000v36.5c0,0-28.2-18.5-92.1-18.5C810.2,18.1,775.7,67.3,734,67.3z\"\/>\n\t<path class=\"elementor-shape-fill\" d=\"M766.1,28.9c-200-57.5-266,65.5-395.1,19.5C242,1.8,242,5.4,184.8,20.6C128,35.8,132.3,44.9,89.9,52.5C28.6,63.7,0,0,0,0 h1000c0,0-9.9,40.9-83.6,48.1S829.6,47,766.1,28.9z\"\/>\n<\/svg>\t\t<\/div>\n\t\t\t\t\t<div class=\"elementor-container elementor-column-gap-default\">\n\t\t\t\t\t<div class=\"elementor-column elementor-col-50 elementor-top-column elementor-element elementor-element-71c343d elementor-invisible\" data-id=\"71c343d\" data-element_type=\"column\" data-e-type=\"column\" data-settings=\"{&quot;animation&quot;:&quot;fadeInLeft&quot;,&quot;animation_mobile&quot;:&quot;none&quot;}\">\n\t\t\t<div class=\"elementor-widget-wrap elementor-element-populated\">\n\t\t\t\t\t\t<div class=\"elementor-element elementor-element-db7ec07 premium-lottie-svg elementor-invisible elementor-widget elementor-widget-premium-lottie\" data-id=\"db7ec07\" data-element_type=\"widget\" data-e-type=\"widget\" data-settings=\"{&quot;_animation&quot;:&quot;fadeInLeft&quot;,&quot;_animation_mobile&quot;:&quot;none&quot;}\" data-widget_type=\"premium-lottie.default\">\n\t\t\t\t<div class=\"elementor-widget-container\">\n\t\t\t\t\t\n\t\t<div class=\"premium-lottie-animation\" data-lottie-url=\"https:\/\/lottie.host\/53f0cdd3-d32a-4020-8e5b-81609b06c84a\/DsSfXDPgCG.json\" data-lottie-loop=\"true\" data-lottie-reverse=\"\" data-lottie-hover=\"\" data-lottie-speed=\"1.5\" data-lottie-render=\"svg\" data-lottie-delay=\"\">\n\t\t\t\t\t\t\t<a href=\"https:\/\/pierremacario.fr\/index.php\/principes-therapeutiques\/\"><\/a>\n\t\t\t\t\t<\/div>\n\n\t\t\t\t\t\t<\/div>\n\t\t\t\t<\/div>\n\t\t\t\t<div class=\"elementor-element elementor-element-d94fc10 elementor-widget elementor-widget-heading\" data-id=\"d94fc10\" data-element_type=\"widget\" data-e-type=\"widget\" data-settings=\"{&quot;_animation_mobile&quot;:&quot;none&quot;}\" data-widget_type=\"heading.default\">\n\t\t\t\t<div class=\"elementor-widget-container\">\n\t\t\t\t\t<h2 class=\"elementor-heading-title elementor-size-default\">Principes th\u00e9rapeutiques<\/h2>\t\t\t\t<\/div>\n\t\t\t\t<\/div>\n\t\t\t\t\t<\/div>\n\t\t<\/div>\n\t\t\t\t<div class=\"elementor-column elementor-col-50 elementor-top-column elementor-element elementor-element-0880076 elementor-invisible\" data-id=\"0880076\" data-element_type=\"column\" data-e-type=\"column\" data-settings=\"{&quot;animation&quot;:&quot;fadeInRight&quot;,&quot;animation_mobile&quot;:&quot;bounceIn&quot;}\">\n\t\t\t<div class=\"elementor-widget-wrap elementor-element-populated\">\n\t\t\t\t\t\t<div class=\"elementor-element elementor-element-6cb46da premium-lottie-svg elementor-widget elementor-widget-premium-lottie\" data-id=\"6cb46da\" data-element_type=\"widget\" data-e-type=\"widget\" data-widget_type=\"premium-lottie.default\">\n\t\t\t\t<div class=\"elementor-widget-container\">\n\t\t\t\t\t\n\t\t<div class=\"premium-lottie-animation\" data-lottie-url=\"https:\/\/lottie.host\/b125a766-5e1b-41ee-a82b-0963ff4bc8a7\/WWgYBEHgG1.json\" data-lottie-loop=\"true\" data-lottie-reverse=\"\" data-lottie-hover=\"\" data-lottie-speed=\"1\" data-lottie-render=\"svg\" data-lottie-delay=\"\">\n\t\t\t\t\t\t\t<a href=\"https:\/\/pierremacario.fr\/index.php\/therapie-integrative-toulouse\/\"><\/a>\n\t\t\t\t\t<\/div>\n\n\t\t\t\t\t\t<\/div>\n\t\t\t\t<\/div>\n\t\t\t\t<div class=\"elementor-element elementor-element-0363bac elementor-widget elementor-widget-heading\" data-id=\"0363bac\" data-element_type=\"widget\" data-e-type=\"widget\" data-widget_type=\"heading.default\">\n\t\t\t\t<div class=\"elementor-widget-container\">\n\t\t\t\t\t<h2 class=\"elementor-heading-title elementor-size-default\">L'approche int\u00e9grative<\/h2>\t\t\t\t<\/div>\n\t\t\t\t<\/div>\n\t\t\t\t\t<\/div>\n\t\t<\/div>\n\t\t\t\t\t<\/div>\n\t\t<\/section>\n\t\t\t\t<\/div>\n\t\t","protected":false},"excerpt":{"rendered":"<p>Approche th\u00e9rapeutique J&rsquo;ai \u00e0 c\u0153ur de vous offrir un espace s\u00e9curisant o\u00f9 vous pourrez \u00eatre pleinement vous-m\u00eame, vous exprimer librement [&hellip;]<\/p>\n","protected":false},"author":1,"featured_media":0,"parent":0,"menu_order":0,"comment_status":"closed","ping_status":"closed","template":"elementor_header_footer","meta":{"site-sidebar-layout":"default","site-content-layout":"","ast-site-content-layout":"default","site-content-style":"default","site-sidebar-style":"default","ast-global-header-display":"","ast-banner-title-visibility":"","ast-main-header-display":"","ast-hfb-above-header-display":"","ast-hfb-below-header-display":"","ast-hfb-mobile-header-display":"","site-post-title":"","ast-breadcrumbs-content":"","ast-featured-img":"","footer-sml-layout":"","ast-disable-related-posts":"","theme-transparent-header-meta":"","adv-header-id-meta":"","stick-header-meta":"","header-above-stick-meta":"","header-main-stick-meta":"","header-below-stick-meta":"","astra-migrate-meta-layouts":"default","ast-page-background-enabled":"default","ast-page-background-meta":{"desktop":{"background-color":"var(--ast-global-color-4)","background-image":"","background-repeat":"repeat","background-position":"center center","background-size":"auto","background-attachment":"scroll","background-type":"","background-media":"","overlay-type":"","overlay-color":"","overlay-opacity":"","overlay-gradient":""},"tablet":{"background-color":"","background-image":"","background-repeat":"repeat","background-position":"center center","background-size":"auto","background-attachment":"scroll","background-type":"","background-media":"","overlay-type":"","overlay-color":"","overlay-opacity":"","overlay-gradient":""},"mobile":{"background-color":"","background-image":"","background-repeat":"repeat","background-position":"center center","background-size":"auto","background-attachment":"scroll","background-type":"","background-media":"","overlay-type":"","overlay-color":"","overlay-opacity":"","overlay-gradient":""}},"ast-content-background-meta":{"desktop":{"background-color":"var(--ast-global-color-5)","background-image":"","background-repeat":"repeat","background-position":"center center","background-size":"auto","background-attachment":"scroll","background-type":"","background-media":"","overlay-type":"","overlay-color":"","overlay-opacity":"","overlay-gradient":""},"tablet":{"background-color":"var(--ast-global-color-5)","background-image":"","background-repeat":"repeat","background-position":"center center","background-size":"auto","background-attachment":"scroll","background-type":"","background-media":"","overlay-type":"","overlay-color":"","overlay-opacity":"","overlay-gradient":""},"mobile":{"background-color":"var(--ast-global-color-5)","background-image":"","background-repeat":"repeat","background-position":"center center","background-size":"auto","background-attachment":"scroll","background-type":"","background-media":"","overlay-type":"","overlay-color":"","overlay-opacity":"","overlay-gradient":""}},"footnotes":""},"class_list":["post-37","page","type-page","status-publish","hentry"],"yoast_head":"<!-- This site is optimized with the Yoast SEO plugin v24.6 - https:\/\/yoast.com\/wordpress\/plugins\/seo\/ -->\n<title>Approche th\u00e9rapeutique - Psychologue Toulouse Carmes<\/title>\n<meta name=\"description\" content=\"Ma vision de la th\u00e9rapie est int\u00e9grative. Je puise donc dans diff\u00e9rents courants de la psychologie pour vous accompagner. Mon orientation th\u00e9rapeutique s&#039;inspire principalement des approches humanistes et existentielles &amp; psychocorporelles.\" \/>\n<meta name=\"robots\" content=\"index, follow, max-snippet:-1, max-image-preview:large, max-video-preview:-1\" \/>\n<link rel=\"canonical\" href=\"https:\/\/pierremacario.fr\/index.php\/approche-therapeutique\/\" \/>\n<meta property=\"og:locale\" content=\"fr_FR\" \/>\n<meta property=\"og:type\" content=\"article\" \/>\n<meta property=\"og:title\" content=\"Approche th\u00e9rapeutique - Psychologue Toulouse Carmes\" \/>\n<meta property=\"og:description\" content=\"Ma vision de la th\u00e9rapie est int\u00e9grative. Je puise donc dans diff\u00e9rents courants de la psychologie pour vous accompagner. Mon orientation th\u00e9rapeutique s&#039;inspire principalement des approches humanistes et existentielles &amp; psychocorporelles.\" \/>\n<meta property=\"og:url\" content=\"https:\/\/pierremacario.fr\/index.php\/approche-therapeutique\/\" \/>\n<meta property=\"og:site_name\" content=\"Psychologue Toulouse Carmes\" \/>\n<meta property=\"article:modified_time\" content=\"2025-03-26T10:41:17+00:00\" \/>\n<meta property=\"og:image\" content=\"https:\/\/pierremacario.fr\/wp-content\/uploads\/2025\/03\/final-2-couleur-desature-crope-portrait.png\" \/>\n\t<meta property=\"og:image:width\" content=\"981\" \/>\n\t<meta property=\"og:image:height\" content=\"928\" \/>\n\t<meta property=\"og:image:type\" content=\"image\/png\" \/>\n<meta name=\"twitter:card\" content=\"summary_large_image\" \/>\n<meta name=\"twitter:label1\" content=\"Dur\u00e9e de lecture estim\u00e9e\" \/>\n\t<meta name=\"twitter:data1\" content=\"1 minute\" \/>\n<script type=\"application\/ld+json\" class=\"yoast-schema-graph\">{\"@context\":\"https:\/\/schema.org\",\"@graph\":[{\"@type\":\"WebPage\",\"@id\":\"https:\/\/pierremacario.fr\/index.php\/approche-therapeutique\/\",\"url\":\"https:\/\/pierremacario.fr\/index.php\/approche-therapeutique\/\",\"name\":\"Approche th\u00e9rapeutique - Psychologue Toulouse Carmes\",\"isPartOf\":{\"@id\":\"https:\/\/pierremacario.fr\/#website\"},\"datePublished\":\"2022-01-31T13:31:07+00:00\",\"dateModified\":\"2025-03-26T10:41:17+00:00\",\"description\":\"Ma vision de la th\u00e9rapie est int\u00e9grative. Je puise donc dans diff\u00e9rents courants de la psychologie pour vous accompagner. Mon orientation th\u00e9rapeutique s'inspire principalement des approches humanistes et existentielles & psychocorporelles.\",\"breadcrumb\":{\"@id\":\"https:\/\/pierremacario.fr\/index.php\/approche-therapeutique\/#breadcrumb\"},\"inLanguage\":\"fr-FR\",\"potentialAction\":[{\"@type\":\"ReadAction\",\"target\":[\"https:\/\/pierremacario.fr\/index.php\/approche-therapeutique\/\"]}]},{\"@type\":\"BreadcrumbList\",\"@id\":\"https:\/\/pierremacario.fr\/index.php\/approche-therapeutique\/#breadcrumb\",\"itemListElement\":[{\"@type\":\"ListItem\",\"position\":1,\"name\":\"Accueil\",\"item\":\"https:\/\/pierremacario.fr\/\"},{\"@type\":\"ListItem\",\"position\":2,\"name\":\"Approche th\u00e9rapeutique\"}]},{\"@type\":\"WebSite\",\"@id\":\"https:\/\/pierremacario.fr\/#website\",\"url\":\"https:\/\/pierremacario.fr\/\",\"name\":\"Pierre Macario - Psychologue Toulouse Carmes -\",\"description\":\"Psychoth\u00e9rapie int\u00e9grative adultes \u00e0 Toulouse &amp; en visio\",\"potentialAction\":[{\"@type\":\"SearchAction\",\"target\":{\"@type\":\"EntryPoint\",\"urlTemplate\":\"https:\/\/pierremacario.fr\/?s={search_term_string}\"},\"query-input\":{\"@type\":\"PropertyValueSpecification\",\"valueRequired\":true,\"valueName\":\"search_term_string\"}}],\"inLanguage\":\"fr-FR\"}]}<\/script>\n<!-- \/ Yoast SEO plugin. -->","yoast_head_json":{"title":"Approche th\u00e9rapeutique - Psychologue Toulouse Carmes","description":"Ma vision de la th\u00e9rapie est int\u00e9grative. Je puise donc dans diff\u00e9rents courants de la psychologie pour vous accompagner. Mon orientation th\u00e9rapeutique s'inspire principalement des approches humanistes et existentielles & psychocorporelles.","robots":{"index":"index","follow":"follow","max-snippet":"max-snippet:-1","max-image-preview":"max-image-preview:large","max-video-preview":"max-video-preview:-1"},"canonical":"https:\/\/pierremacario.fr\/index.php\/approche-therapeutique\/","og_locale":"fr_FR","og_type":"article","og_title":"Approche th\u00e9rapeutique - Psychologue Toulouse Carmes","og_description":"Ma vision de la th\u00e9rapie est int\u00e9grative. Je puise donc dans diff\u00e9rents courants de la psychologie pour vous accompagner. Mon orientation th\u00e9rapeutique s'inspire principalement des approches humanistes et existentielles & psychocorporelles.","og_url":"https:\/\/pierremacario.fr\/index.php\/approche-therapeutique\/","og_site_name":"Psychologue Toulouse Carmes","article_modified_time":"2025-03-26T10:41:17+00:00","og_image":[{"width":981,"height":928,"url":"https:\/\/pierremacario.fr\/wp-content\/uploads\/2025\/03\/final-2-couleur-desature-crope-portrait.png","type":"image\/png"}],"twitter_card":"summary_large_image","twitter_misc":{"Dur\u00e9e de lecture estim\u00e9e":"1 minute"},"schema":{"@context":"https:\/\/schema.org","@graph":[{"@type":"WebPage","@id":"https:\/\/pierremacario.fr\/index.php\/approche-therapeutique\/","url":"https:\/\/pierremacario.fr\/index.php\/approche-therapeutique\/","name":"Approche th\u00e9rapeutique - Psychologue Toulouse Carmes","isPartOf":{"@id":"https:\/\/pierremacario.fr\/#website"},"datePublished":"2022-01-31T13:31:07+00:00","dateModified":"2025-03-26T10:41:17+00:00","description":"Ma vision de la th\u00e9rapie est int\u00e9grative. Je puise donc dans diff\u00e9rents courants de la psychologie pour vous accompagner. Mon orientation th\u00e9rapeutique s'inspire principalement des approches humanistes et existentielles & psychocorporelles.","breadcrumb":{"@id":"https:\/\/pierremacario.fr\/index.php\/approche-therapeutique\/#breadcrumb"},"inLanguage":"fr-FR","potentialAction":[{"@type":"ReadAction","target":["https:\/\/pierremacario.fr\/index.php\/approche-therapeutique\/"]}]},{"@type":"BreadcrumbList","@id":"https:\/\/pierremacario.fr\/index.php\/approche-therapeutique\/#breadcrumb","itemListElement":[{"@type":"ListItem","position":1,"name":"Accueil","item":"https:\/\/pierremacario.fr\/"},{"@type":"ListItem","position":2,"name":"Approche th\u00e9rapeutique"}]},{"@type":"WebSite","@id":"https:\/\/pierremacario.fr\/#website","url":"https:\/\/pierremacario.fr\/","name":"Pierre Macario - Psychologue Toulouse Carmes -","description":"Psychoth\u00e9rapie int\u00e9grative adultes \u00e0 Toulouse &amp; en visio","potentialAction":[{"@type":"SearchAction","target":{"@type":"EntryPoint","urlTemplate":"https:\/\/pierremacario.fr\/?s={search_term_string}"},"query-input":{"@type":"PropertyValueSpecification","valueRequired":true,"valueName":"search_term_string"}}],"inLanguage":"fr-FR"}]}},"_links":{"self":[{"href":"https:\/\/pierremacario.fr\/index.php\/wp-json\/wp\/v2\/pages\/37","targetHints":{"allow":["GET"]}}],"collection":[{"href":"https:\/\/pierremacario.fr\/index.php\/wp-json\/wp\/v2\/pages"}],"about":[{"href":"https:\/\/pierremacario.fr\/index.php\/wp-json\/wp\/v2\/types\/page"}],"author":[{"embeddable":true,"href":"https:\/\/pierremacario.fr\/index.php\/wp-json\/wp\/v2\/users\/1"}],"replies":[{"embeddable":true,"href":"https:\/\/pierremacario.fr\/index.php\/wp-json\/wp\/v2\/comments?post=37"}],"version-history":[{"count":166,"href":"https:\/\/pierremacario.fr\/index.php\/wp-json\/wp\/v2\/pages\/37\/revisions"}],"predecessor-version":[{"id":7262,"href":"https:\/\/pierremacario.fr\/index.php\/wp-json\/wp\/v2\/pages\/37\/revisions\/7262"}],"wp:attachment":[{"href":"https:\/\/pierremacario.fr\/index.php\/wp-json\/wp\/v2\/media?parent=37"}],"curies":[{"name":"wp","href":"https:\/\/api.w.org\/{rel}","templated":true}]}}